{"id":16,"date":"2009-10-23T13:35:49","date_gmt":"2009-10-23T11:35:49","guid":{"rendered":"http:\/\/ferdiik.ic.cz\/?page_id=16"},"modified":"2009-11-20T14:31:21","modified_gmt":"2009-11-20T13:31:21","slug":"turnaje","status":"publish","type":"page","link":"http:\/\/vtt.webiik.cz\/?page_id=16","title":{"rendered":"Turnaje"},"content":{"rendered":"<p><\/p>\n<h2>Souhrnn\u00e1 tabulka turnaj\u016f VTT<\/h2>\n<table class=\"wptable rowstyle-alt\" id=\"wptable-2\"  cellspacing=\"1\">\n\t<thead>\n\t<tr>\n\t\t<th class=\"sortable\" style=\"width:100px\" align=\"center\">Datum<\/th>\n\t\t<th class=\"sortable\" style=\"width:150px\" align=\"center\">T\u00fdm<\/th>\n\t\t<th class=\"sortable\" style=\"width:50px\" align=\"center\">V\u00fdsledek<\/th>\n\t\t<th class=\"sortable\" style=\"width:150px\" align=\"center\">Sout\u011b\u017e<\/th>\n\t\t<th class=\"sortable\" style=\"width:100px\" align=\"center\">Podrobnosti<\/th>\n\t<\/tr>\n\t<\/thead>\n\t<tr>\n\t\t<td style=\"width:100px\" align=\"center\">28.02.2010<\/td>\n\t\t<td style=\"width:150px\" align=\"center\">VTT - Yakuza<\/td>\n\t\t<td style=\"width:50px\" align=\"center\"><strong><span style=\"color: #ff0000;\">34 : 41<\/span><\/strong><\/td>\n\t\t<td style=\"width:150px\" align=\"center\">P\u0159\u00e1tel\u00e1k<\/td>\n\t\t<td style=\"width:100px\" align=\"center\"><a href=\"\/?page_id=379\">Podrobnosti<\/a><\/<\/td>\n\t<\/tr>\n\t<tr class=\"alt\">\n\t\t<td style=\"width:100px\" align=\"center\">24.01.2010<\/td>\n\t\t<td style=\"width:150px\" align=\"center\">VTT - LnD<\/td>\n\t\t<td style=\"width:50px\" align=\"center\"><strong><span style=\"color: #ff0000;\">38 : 52<\/span><\/strong><\/td>\n\t\t<td style=\"width:150px\" align=\"center\">P\u0159\u00e1tel\u00e1k<\/td>\n\t\t<td style=\"width:100px\" align=\"center\"><a href=\"\/?page_id=349\">Podrobnosti<\/a><\/<\/td>\n\t<\/tr>\n\t<tr>\n\t\t<td style=\"width:100px\" align=\"center\">17.01.2010<\/td>\n\t\t<td style=\"width:150px\" align=\"center\">VTT - eVolution<\/td>\n\t\t<td style=\"width:50px\" align=\"center\"><strong><span style=\"color: #ff0000;\">12 : 78<\/span><\/strong><\/td>\n\t\t<td style=\"width:150px\" align=\"center\">P\u0159\u00e1tel\u00e1k<\/td>\n\t\t<td style=\"width:100px\" align=\"center\"><a href=\"\/?page_id=348\">Podrobnosti<\/a><\/<\/td>\n\t<\/tr>\n\t<tr class=\"alt\">\n\t\t<td style=\"width:100px\" align=\"center\">20.12.2009<\/td>\n\t\t<td style=\"width:150px\" align=\"center\">VTT - ULA<\/td>\n\t\t<td style=\"width:50px\" align=\"center\"><strong><span style=\"color: #00ff00;\">62 : 13<\/span><\/strong><\/td>\n\t\t<td style=\"width:150px\" align=\"center\">CMC 8. kolo<\/td>\n\t\t<td style=\"width:100px\" align=\"center\"><a href=\"\/?page_id=320\">Podrobnosti<\/a><\/<\/td>\n\t<\/tr>\n\t<tr>\n\t\t<td style=\"width:100px\" align=\"center\">13.12.2009<\/td>\n\t\t<td style=\"width:150px\" align=\"center\">VTT - Mafia<\/td>\n\t\t<td style=\"width:50px\" align=\"center\"><strong><span style=\"color: #00ff00;\">38 : 37<\/span><\/strong><\/td>\n\t\t<td style=\"width:150px\" align=\"center\">CMC 7. kolo<\/td>\n\t\t<td style=\"width:100px\" align=\"center\"><a href=\"\/?page_id=316\">Podrobnosti<\/a><\/<\/td>\n\t<\/tr>\n\t<tr class=\"alt\">\n\t\t<td style=\"width:100px\" align=\"center\">06.12.2009<\/td>\n\t\t<td style=\"width:150px\" align=\"center\">VTT - Devils<\/td>\n\t\t<td style=\"width:50px\" align=\"center\"><strong><span style=\"color: #00ff00;\">75 : 0<\/span><\/strong><\/td>\n\t\t<td style=\"width:150px\" align=\"center\">CMC 6. kolo<\/td>\n\t\t<td style=\"width:100px\" align=\"center\">Kontuma\u010dn\u011b<\/td>\n\t<\/tr>\n\t<tr>\n\t\t<td style=\"width:100px\" align=\"center\">29.11.2009<\/td>\n\t\t<td style=\"width:150px\" align=\"center\">STK - VTT<\/td>\n\t\t<td style=\"width:50px\" align=\"center\"><strong><span style=\"color: #ff0000;\">62 : 13<\/span><\/strong><\/td>\n\t\t<td style=\"width:150px\" align=\"center\">CMC 5. kolo<\/td>\n\t\t<td style=\"width:100px\" align=\"center\"><a href=\"\/?page_id=308\">Podrobnosti<\/a><\/<\/td>\n\t<\/tr>\n\t<tr class=\"alt\">\n\t\t<td style=\"width:100px\" align=\"center\">15.11.2009<\/td>\n\t\t<td style=\"width:150px\" align=\"center\">Star.Riders - VTT<\/td>\n\t\t<td style=\"width:50px\" align=\"center\"><strong><span style=\"color: #ff0000;\">74 : 1<\/span><\/strong><\/td>\n\t\t<td style=\"width:150px\" align=\"center\">CMC 3. kolo<\/td>\n\t\t<td style=\"width:100px\" align=\"center\"><a href=\"\/?page_id=200\">Podrobnosti<\/a><\/<\/td>\n\t<\/tr>\n\t<tr>\n\t\t<td style=\"width:100px\" align=\"center\">08.11.2009<\/td>\n\t\t<td style=\"width:150px\" align=\"center\">FCH - VTT<\/td>\n\t\t<td style=\"width:50px\" align=\"center\"><strong><span style=\"color: #ff0000;\">49 : 26<\/span><\/strong><\/td>\n\t\t<td style=\"width:150px\" align=\"center\">CMC 2. kolo<\/td>\n\t\t<td style=\"width:100px\" align=\"center\"><a href=\"\/?page_id=167\">Podrobnosti<\/a><\/<\/td>\n\t<\/tr>\n\t<tr class=\"alt\">\n\t\t<td style=\"width:100px\" align=\"center\">01.11.2009<\/td>\n\t\t<td style=\"width:150px\" align=\"center\">VTT - Friends<\/td>\n\t\t<td style=\"width:50px\" align=\"center\"><strong><span style=\"color: #ff0000;\">33 : 42<\/span><\/strong><\/td>\n\t\t<td style=\"width:150px\" align=\"center\">CMC 1. kolo<\/td>\n\t\t<td style=\"width:100px\" align=\"center\"><a href=\"\/?page_id=157\">Podrobnosti<\/a><\/<\/td>\n\t<\/tr>\n\t<tr>\n\t\t<td style=\"width:100px\" align=\"center\">18.10.2009<\/td>\n\t\t<td style=\"width:150px\" align=\"center\">*CZ* - VTT<\/td>\n\t\t<td style=\"width:50px\" align=\"center\"><strong><span style=\"color: #ff0000;\">2 : 1<\/span><\/strong><\/td>\n\t\t<td style=\"width:150px\" align=\"center\">CSM2 o 5. m\u00edsto<\/td>\n\t\t<td style=\"width:100px\" >&nbsp;<\/td>\n\t<\/tr>\n\t<tr class=\"alt\">\n\t\t<td style=\"width:100px\" align=\"center\">11.10.2009<\/td>\n\t\t<td style=\"width:150px\" align=\"center\">VTT - Reggae<\/td>\n\t\t<td style=\"width:50px\" align=\"center\"><strong><span style=\"color: #00ff00;\">3 : 0<\/span><\/strong><\/td>\n\t\t<td style=\"width:150px\" align=\"center\">CSM2 5.-8. m\u00edsto<\/td>\n\t\t<td style=\"width:100px\" >&nbsp;<\/td>\n\t<\/tr>\n\t<tr>\n\t\t<td style=\"width:100px\" align=\"center\">04.10.2009<\/td>\n\t\t<td style=\"width:150px\" align=\"center\">Resist - VTT<\/td>\n\t\t<td style=\"width:50px\" align=\"center\"><strong><span style=\"color: #ff0000;\">3 : 0<\/span><\/strong><\/td>\n\t\t<td style=\"width:150px\" align=\"center\">CSM2 \u010dtvrtfin\u00e1le<\/td>\n\t\t<td style=\"width:100px\" >&nbsp;<\/td>\n\t<\/tr>\n\t<tr class=\"alt\">\n\t\t<td style=\"width:100px\" align=\"center\">27.09.2009<\/td>\n\t\t<td style=\"width:150px\" align=\"center\">VTT - JTT<\/td>\n\t\t<td style=\"width:50px\" align=\"center\"><strong><span style=\"color: #00ff00;\">59 : 16<\/span><\/strong><\/td>\n\t\t<td style=\"width:150px\" align=\"center\">CSM2 3. kolo<\/td>\n\t\t<td style=\"width:100px\" >&nbsp;<\/td>\n\t<\/tr>\n\t<tr>\n\t\t<td style=\"width:100px\" align=\"center\">20.09.2009<\/td>\n\t\t<td style=\"width:150px\" align=\"center\">EEE - VTT<\/td>\n\t\t<td style=\"width:50px\" align=\"center\"><strong><span style=\"color: #00ff00;\">21 : 54<\/span><\/strong><\/td>\n\t\t<td style=\"width:150px\" align=\"center\">CSM2 2. kolo<\/td>\n\t\t<td style=\"width:100px\" >&nbsp;<\/td>\n\t<\/tr>\n\t<tr class=\"alt\">\n\t\t<td style=\"width:100px\" >&nbsp;<\/td>\n\t\t<td style=\"width:150px\" >&nbsp;<\/td>\n\t\t<td style=\"width:50px\" >&nbsp;<\/td>\n\t\t<td style=\"width:150px\" >&nbsp;<\/td>\n\t\t<td style=\"width:100px\" >&nbsp;<\/td>\n\t<\/tr>\n<\/table><p>\n<\/p>\n","protected":false},"excerpt":{"rendered":"<p>Souhrnn\u00e1 tabulka turnaj\u016f VTT Datum T\u00fdm V\u00fdsledek Sout\u011b\u017e Podrobnosti 28.02.2010 VTT &#8211; Yakuza 34 : 41 P\u0159\u00e1tel\u00e1k Podrobnosti<\/p>\n","protected":false},"author":1,"featured_media":0,"parent":0,"menu_order":5,"comment_status":"open","ping_status":"open","template":"","meta":{"ngg_post_thumbnail":0},"_links":{"self":[{"href":"http:\/\/vtt.webiik.cz\/index.php?rest_route=\/wp\/v2\/pages\/16"}],"collection":[{"href":"http:\/\/vtt.webiik.cz\/index.php?rest_route=\/wp\/v2\/pages"}],"about":[{"href":"http:\/\/vtt.webiik.cz\/index.php?rest_route=\/wp\/v2\/types\/page"}],"author":[{"embeddable":true,"href":"http:\/\/vtt.webiik.cz\/index.php?rest_route=\/wp\/v2\/users\/1"}],"replies":[{"embeddable":true,"href":"http:\/\/vtt.webiik.cz\/index.php?rest_route=%2Fwp%2Fv2%2Fcomments&post=16"}],"version-history":[{"count":6,"href":"http:\/\/vtt.webiik.cz\/index.php?rest_route=\/wp\/v2\/pages\/16\/revisions"}],"predecessor-version":[{"id":226,"href":"http:\/\/vtt.webiik.cz\/index.php?rest_route=\/wp\/v2\/pages\/16\/revisions\/226"}],"wp:attachment":[{"href":"http:\/\/vtt.webiik.cz\/index.php?rest_route=%2Fwp%2Fv2%2Fmedia&parent=16"}],"curies":[{"name":"wp","href":"https:\/\/api.w.org\/{rel}","templated":true}]}}